 3*n**3/2 - 2*n**2. Determine c(m).
-3
Let j(f) = 2 + 2 + 5*f - 7 + 0. Let q(v) = v**3 - v**2 - v. Let i be q(-1). Let d be (2/i)/((-1)/1). Calculate j(d).
7
Let y = 4 - 5. Let q be y - (3 + -6 - -4). Let f(t) = -2*t**2 - t. Calculate f(q).
-6
Let l(q) = -q**3 - q - 5. Suppose 5*m = -2*t + 4*m - 8, -5*m - 16 = 4*t. Let j be (6 - (-32)/(-12)) + (-2)/(-3). Let c = t + j. Give l(c).
-5
Let r = 14 - 12. Let v(a) = -6*a - 4 + 2 - r + 1. Determine v(-2).
9
Let t(b) be the second derivative of b**3/6 - 9*b**2/2 - 5*b - 1. Give t(4).
-5
Suppose 2*f + 5*z = 3*z - 2, -3*f - 27 = -5*z. Let y = -6 + 8. Let w(v) = -2*v**2 - v**2 + 1 - v**y - v**3. Calculate w(f).
1
Let p = 2 - 3. Let y(m) = m**3 - 4*m**2 - 8*m - 3. Let t(d) = -d**2 - d. Let g(u) = p*y(u) + 4*t(u). Let c = 4 - 6. Determine g(c).
3
Suppose 14 = -2*q + 2. Let y(w) = -2*w + 3. Let c = -27 + -7. Let o(f) = 12*f - 17. Let k(u) = c*y(u) + q*o(u). Give k(-2).
8
Let q(k) = -32*k**2 - 3 + 31*k**2 + 5*k - 1. Give q(4).
0
Let z(t) = -t**2 + 2*t + 3. Suppose 0*p - 21 = -5*r - p, -1 = -p. Let g(j) = 2*j**2 + 3*j + 11 + r*j - 6*j**2 - 1. Let h(a) = -2*g(a) + 7*z(a). Calculate h(0).
1
Let i(v) = 27 - 7 - v - 15. Calculate i(0).
5
Let p(c) be the second derivative of c**3/2 + 3*c. What is p(-2)?
-6
Let m(z) = 1. Let i(n) = n - 10. Let t(u) = -i(u) - 5*m(u). Calculate t(9).
-4
Let k(h) = h**3 - h**2 - 5*h + 3. Let i be (-4)/14 - 102/(-14). Let y(x) = -3 - x + 2 + i. Let w be y(3). Calculate k(w).
6
Let b(j) = -j + 4. Suppose -2*g = 3*g + 5*s + 15, -s = -g - 5. What is b(g)?
8
Let h(i) = -i**2 + 7*i + 5. Let y = -139 + 145. Determine h(y).
11
Let x(h) = h**3 - 4*h**2 + 4*h - 3. Let g(i) = i**3 - 5*i**2 + 5*i - 4. Let q(l) = 4*g(l) - 5*x(l). Determine q(-2).
7
Let i = -8 - -3. Let l(b) = -b + 1. Let s be l(3). Let g(n) = -n**3 + 8*n**2 + 8*n - 1. Let r(a) = a**3 - a**2 - a + 1. Let h(p) = s*r(p) - g(p). What is h(i)?
4
Let a(h) = -9*h + 6*h**2 + 0*h**2 + 6 - 5*h**2 + 2*h. Suppose -l = -2*l + 2*w + 14, -w + 7 = 3*l. What is a(l)?
-6
Let b(r) = -2*r - 1. Suppose -5*g + 2*g = 6. Determine b(g).
3
Let x(r) = -r**2 + 3*r + 4. Let n be (-2)/(0 - -1) + 6. What is x(n)?
0
Let d be ((-5)/(5/4))/(-2). Let c(p) = -7*p**2 + 4 + 2*p**2 - 4*p - p**3 - p**d. Calculate c(-5).
-1
Let o(a) = -a**2 + 6*a. Let p be 2/(-6) - (-133)/21. Calculate o(p).
0
Let l(s) = s**3 - s**2 + 1. Let f(d) = 5*d**3 - 12*d**2 + 9*d + 16. Let u(g) = f(g) - 6*l(g). Calculate u(-7).
-4
Suppose -2 = -3*u + 2*u. Let p(g) = -2*g - 6 + 5*g + 1 + u - 3*g**2. Determine p(2).
-9
Let j(r) = r**3 + 3*r**2 + r. Let f(o) = 4*o**3 - o**2 + 2*o - 1. Let p be f(1). Suppose 2*a - 3*s - 3 = 12, a - s - 8 = 0. Suppose g - a = p*g. Calculate j(g).
-3
Let i = -108 - -105. Let d(z) = -5*z + 1. Calculate d(i).
16
Let g(f) = -35*f + 8*f + 11*f - f**2 + 18*f - 6. Determine g(6).
-30
Suppose 2*o + 34 = 4*o. Let f(a) = -4*a + 4*a**2 - a**3 - 21 + o + 7. Determine f(2).
3
Let b(o) = -o**2 - o + 1. Let g(j) = -3*j + 15. Let q be g(6). What is b(q)?
-5
Let n = 32 - 30. Let w(a) be the third derivative of -a**4/24 + a**3/6 + a**2. Determine w(n).
-1
Let a(m) = 4*m**3 + m**2 + 4*m - 1. Let u(p) = 3*p**3 + p**2 + 3*p - 1. Let g(y) = 2*a(y) - 3*u(y). What is g(2)?
-13
Let g(z) = -z**3 + 13*z**2 + 13*z + 9. Let x(h) = -3*h - 7. Let r be x(-7). Let p be g(r). Let s(f) = 2*f + 5. Determine s(p).
-5
Let p(a) = a - 4. Let n be p(3). Let r(v) be the first derivative of 5*v**2 + v - 3. Calculate r(n).
-9
Let x(h) = 13*h**2 + 2*h - 1. Let k(a) = -3*a + 10. Let v be k(3). Give x(v).
14
Let s(a) be the third derivative of 0*a**4 - a**2 + 1/60*a**5 + 0*a + 0 - 1/3*a**3. What is s(-3)?
7
Let r = -7/33 - -173/660. Let l(d) be the second derivative of -5/12*d**4 - 2*d**2 + 5/6*d**3 + r*d**5 - 2*d + 0. Calculate l(3).
-7
Let s(y) be the second derivative of -y**3/3 + y**2/2 - 3*y. Let o(r) = -r. Let w(b) = -5*o(b) + s(b). Calculate w(-1).
-2
Let q(l) = -l**3 - 10*l**2 - l - 10. Let b be q(-10). Let z(w) be the third derivative of -w**5/60 + w**4/24 - 2*w**3/3 + 2*w**2. What is z(b)?
-4
Let b be -3*(-1 + (-6)/(-9)). Let g(r) = 2*r**2 + r - 1. What is g(b)?
2
Let f(a) = a**2 + 4*a + 3. Let q be 1/6 - (-13)/(-6). Give f(q).
-1
Suppose 2*q - 5*f = 2 + 4, 5*q + f + 39 = 0. Let o(s) = 0 - 3 - s - 5. Give o(q).
-1
Let i(g) be the first derivative of -g**2/2 + 2*g - 1. Let j be (-2)/(-3) - 6/9. Determine i(j).
2
Let k(c) = 3*c**3 + 8*c**2 - 8*c - 7. Let p(n) = -10*n**3 - 24*n**2 + 23*n + 20. Let x(d) = 7*k(d) + 2*p(d). Give x(-9).
0
Let n(p) be the first derivative of -p**4/4 - p**3 - p**2/2 - 3*p + 35. Calculate n(-3).
0
Let g(a) = 6*a**2 - 1 - a - 2*a + 4 - a**3. Give g(6).
-15
Let q be (-32)/18 - 8/36. Suppose 3*r = -4*o + 2, -2*r - o + 5 = -2*o. Let y(d) = d**3 + 0*d**3 + d - d + 2*d**r + 1 + d. Calculate y(q).
-1
Let x be 3/(-9)*3 + 3. Let f(n) be the second derivative of n**x + 1/20*n**5 + 2/3*n**3 + 5/12*n**4 + 0 + 2*n. What is f(-3)?
8
Let q(x) = -x**2 + 134*x - 135*x + 3*x**2. Let v(g) = g**2. Let h be v(-1). Give q(h).
1
Suppose a = -4*a + 15. Let m(f) = 6*f**3 + f**2 - f + 3*f**3 - 1 - 2*f**3 - 3*f**a. Suppose -r + z + 1 = -3*r, 2*r + 4 = 2*z. Determine m(r).
-3
Suppose 3*d + 0 - 3 = 0. Let p(s) = 13*s. What is p(d)?
13
Let z(j) = j**2 + 8*j + 6. Let v = 26 + -33. Give z(v).
-1
Suppose 4*b + 7 + 7 = 3*a, -4*b + a - 18 = 0. Let o(c) = -c**3 - c**2 + 3. Let k be o(0). Let t(p) = 7 - p**2 - 1 - 3*p**2 - p**k + 7*p. Calculate t(b).
-4
Let k(v) = -v**2 + 7*v - 7. Let r be k(7). Let a(g) = g**2 + 7*g + 4. Calculate a(r).
4
Let i(a) = a**3 - 6*a**2 - 10*a + 9. Let h(l) = l**2 + 8*l + 19. Let j be h(-6). Determine i(j).
-12
Let b(p) = -p**2 - 3*p - 1. Let n be b(-3). Suppose 0 = 4*f - 2*f. Let g(j) = 0*j - 1 + 5*j**2 + f*j. Give g(n).
4
Let o(d) = -9*d - 19. Let r(j) = 4*j + 9. Let k(g) = -6*o(g) - 13*r(g). Let a(m) = -1. Let l(t) = 2*a(t) - k(t). Calculate l(-3).
7
Let d = -255 - -254. Let s(u) = 3*u + 4*u + 2*u. Calculate s(d).
-9
Let h = 3 - -8. Let g(t) = -15*t**2 - 13*t. Let f(v) = -8*v**2 - 7*v. Let q(j) = h*f(j) - 6*g(j). Suppose 0 = 2*m + 2 - 0. Give q(m).
1
Suppose -2 = -4*x + 6. Let w(k) = -3*k**2 + 4*k**2 - 5*k - 3 + 4*k + x. Determine w(-1).
1
Let i(b) = -b**3 + 8*b**2 - 7*b + 5. Suppose 0 = -5*c + 4*g + 51, 3*g = -4*c + 4 + 12. Determine i(c).
5
Suppose -4*h + 1 = 9. Let p(m) = -3*m - 1. What is p(h)?
5
Let w(f) = -f**3 + 4*f**2 + 7*f - 6. Suppose 0 = -2*q - 4*q + 30. Give w(q).
4
Suppose 0 = 5*t + 4 + 6. Let j be -2*6/8*t. Let l(d) = -d**3 + 3*d**2 - 2*d + 2. Calculate l(j).
-4
Let l(y) be the second derivative of y**5/20 + 11*y**4/12 + 5*y**3/3 - y**2 - 7*y. What is l(-10)?
-2
Let m(z) = -z - 8. Let o be (0 + 1/3)/(4/(-108)). Give m(o).
1
Let p(y) = 3*y + 9. Let c(o) = o + 3. Let z(b) = -8*c(b) + 3*p(b). Determine z(-5).
-2
Let t(u) = -u**2 - 4*u. Let b = -10 - -6. Give t(b).
0
Let u be ((-27)/(-12))/((-4)/16). Let d(q) = -3*q - 2. Let o be d(u). Suppose -o = -l + 6*l. Let j(z) = -z + 2. Calculate j(l).
7
Let c(x) = 12*x**3 + 3*x**2 + 2*x. Let n(i) = -i**3 - i**2 - i. Let h(s) = c(s) + 3*n(s). Suppose -11*a - 50 = -6*a. Let g = -9 - a. What is h(g)?
8
Let h(k) = -k**2 + 2*k + 3. Suppose 3*m - 7 = 2. Suppose -i = -t + i - m, 4*t - 24 = -i. Calculate h(t).
-12
Let j(m) = -3*m**2 - 5*m + 7*m + 0 - 4*m + 1. Suppose 1 = 4*b - 3. What is j(b)?
-4
Let v(f) = -2*f - 1 - 3 - 3 + 5. Let a(z) = -z**2 - 7*z + 11. Suppose 11 + 5 = -2*b. Let l be a(b). What is v(l)?
-8
Let x(y) = -y - 16. Let z be x(-10). Let h(i) = -i - 8. Give h(z).
-2
Let l(h) be the second derivative of -h**6/60 + h**5/12 - h**4/8 + h**3/2 - h**2 - 6*h. Let a(d) be the first derivative of l(d). Give a(3).
-15
Let n(d) = 16*d**2 - d - 1. Suppose 2*c + 5*q - q - 26 = 0, 4*q = 2*c + 14. Suppose 5*w - 1 = 2*r + r, -c*w + r = 1. What is n(w)?
16
Let o(g) = -7*g. Let b be o(-3). Suppose 5*i = 4*m + b, -5*m - 2*i + 6*i = 24. Let s = -7 - m. Let u(k) = -k - 4. Calculate u(s).
-1
Suppose 5*v + 0*v = 0. Let u = v + 4. Let h(b) = -2*b + 4. Determine h(u).
-4
Suppose -13 = 5*f + 4*v, 2*f + 1 - 9 = 5*v. Suppose 2*g + 2*g + 4 = 0. Let t(q) = 8*q**3 - 1. Let x(s) = -s. Let c(k) = g*x(k) - t(k). What is c(f)?
8
Suppose -5*m = 1 + 24. Let j(n) = 11*n + 3 + 0 - 1 - 10*n. Determine j(m).
-3
Let b(l) = 2 - 3 - 2*l + 4*l + 2*l. Calculate b(2).
7